0323 - -21321213?
21331540
In base 12, what is 306540 - -683?
307003
In base 16, what is ce5b - -334a?
101a5
In base 8, what is 2400 + -1523521?
-1521121
In base 4, what is 13232000 + 230210?
20122210
In base 8, what is 31047575 - -26?
31047623
In base 14, what is 3 + 25c72b?
25c730
In base 14, what is -a511b634 + -5?
-a511b639
In base 12, what is -8718 + 681?
-8057
In base 8, what is 76664 + 1063?
77747
In base 2, what is 10110 - 1000100110000000000100?
-1000100101111111101110
In base 12, what is -22 - -185b2b?
185b09
In base 6, what is 4025 - -1021213?
1025242
In base 3, what is -2120 + 1120200111110?
1120200101220
In base 4, what is -1300023030 + 322?
-1300022102
In base 15, what is 7284642e + 0?
7284642e
In base 13, what is -57 - 34b48?
-34ba2
In base 6, what is -22221420 + -2?
-22221422
In base 4, what is 2232 + 120113?
123011
In base 7, what is -5333166014 - -1?
-5333166013
In base 11, what is 23a25 + -3a4?
23631
In base 15, what is e + -6c235?
-6c226
In base 15, what is 7b + -84a5?
-8429
In base 9, what is 127712771 + -2?
127712768
In base 3, what is 12220112 + 11102122?
101100011
In base 15, what is 182b1 + 55?
18316
In base 9, what is 110 - 282202?
-282082
In base 6, what is -2000341 - 241?
-2001022
In base 16, what is -3b67bd9 - -5?
-3b67bd4
In base 7, what is -122234441 + -22?
-122234463
In base 2, what is 110010 + -1011011101001110?
-1011011100011100
In base 11, what is -7416683 - -4?
-741667a
In base 2, what is 111111111100000101011001010101 - 100?
111111111100000101011001010001
In base 9, what is 1080882634 - -3?
1080882637
In base 8, what is 15 + -11667403?
-11667366
In base 3, what is 10021222122221 - 0?
10021222122221
In base 8, what is -3206724 - -163?
-3206541
In base 7, what is -1165201304 - 0?
-1165201304
In base 2, what is 100101100 + 111101000110001101?
111101001010111001
In base 11, what is -55 + 6858aa3?
6858a49
In base 14, what is 146842 - 6?
14683a
In base 9, what is 48 - 113434?
-113375
In base 5, what is 1400 + -3314400?
-3313000
In base 15, what is -b4 - -3b827?
3b763
In base 8, what is 17211305 + 6?
17211313
In base 14, what is -2 - 19b49?
-19b4b
In base 6, what is 1023205401 - -2?
1023205403
In base 2, what is -11 - -10110101011001100111001101000?
10110101011001100111001100101
In base 3, what is -12 - 1100011222121011?
-1100011222121100
In base 16, what is -90b752 - 4?
-90b756
In base 11, what is -7726 - 6403?
-13029
In base 3, what is -11121021210110 + -10011?
-11121021220121
In base 15, what is 1db - -47345?
47531
In base 16, what is 1275 - 14e37?
-13bc2
In base 8, what is 15220 - -15413?
32633
In base 9, what is -306344 - 4?
-306348
In base 7, what is -10641 + -21434?
-32405
In base 8, what is -1732446 + 44?
-1732402
In base 15, what is -be - -13344?
13275
In base 8, what is 1241 - -426527?
427770
In base 8, what is 2032724660 - 5?
2032724653
In base 5, what is -1210 + -204241123?
-204242333
In base 11, what is 390 - -98829?
99109
In base 6, what is 4004330101 + 2?
4004330103
In base 6, what is 2115 - 2340011?
-2333452
In base 4, what is -3120222 + 332310?
-2121312
In base 3, what is 1110012111100021 - 11?
1110012111100010
In base 9, what is 1116278707 - 5?
1116278702
In base 3, what is -112221011221201022 - 1?
-112221011221201100
In base 2, what is 1011100111111111 - -100010100?
1011101100010011
In base 10, what is 432 + 586353?
586785
In base 8, what is 36521052 + 2?
36521054
In base 8, what is 7731715 + -44?
7731651
In base 3, what is -112111101 + -1002021?
-120120122
In base 7, what is -1606055520 + 0?
-1606055520
In base 6, what is -34 + -32322324?
-32322402
In base 12, what is -43405 - a0?
-434a5
In base 11, what is -3 + 3972236?
3972233
In base 8, what is 1 + -264445571?
-264445570
In base 2, what is -101000000110110010 - 10001010101001?
-101010010001011011
In base 10, what is 6 + 54426?
54432
In base 3, what is -11101 + 1121211122211?
1121211111110
In base 16, what is 193 - -6bee?
6d81
In base 7, what is -36 - -41160226?
41160160
In base 3, what is 2002202010222 - 11?
2002202010211
In base 14, what is 173ad - -2d?
173dc
In base 3, what is -1201122000212011 + -1200?
-1201122000220211
In base 11, what is -361525a8 + 5?
-361525a3
In base 15, what is 33088 + 64?
330ec
In base 7, what is -616 + 135360?
134441
In base 3, what is 12 - -100121012022?
100121012111
In base 7, what is -14 + 56611114?
56611100
In base 16, what is -25e6 + -221?
-2807
In base 7, what is -11 - 1022541315?
-1022541326
In base 14, what is -17852b - 60?
-17858b
In base 4, what is -1201233120101 + 212?
-1201233113223
In base 11, what is -151696 - 26?
-151711
In base 7, what is 1445661 + -610?
1445051
In base 12, what is -22843294 + 3?
-22843291
In base 10, what is -1699045 + 42?
-1699003
In base 5, what is -243231 - 100140?
-343421
In base 5, what is 3331100031 + 4?
3331100040
In base 14, what is 2 - -2138dc?
213900
In base 2, what is 1001010111000010001 - -101011?
1001010111000111100
In base 15, what is 18510922 + 1?
18510923
In base 7, what is 106034 + 162?
106226
In base 13, what is 59a5339 - 2?
59a5337
In base 7, what is 20532 + 53306?
104141
In base 3, what is 10 + 10120112121211?
10120112121221
In base 9, what is 1672524 - 18?
1672505
In base 4, what is 2 + 111311032131?
111311032133
In base 13, what is 1b787 - 1042?
1a745
In base 10, what is 411017 + -28?
410989
In base 5, what is -44444011 + -323?
-44444334
In base 6, what is -1123 - -31250255?
31245132
In base 6, what is -510 - -3340333?
3335423
In base 14, what is -1b - -11bc42a?
11bc40d
In base 15, what is 2c1 - -370c?
39cd
In base 16, what is -79db2 + 1c0?
-79bf2
In base 14, what is 63d29 + -817?
63512
In base 2, what is 1000000100001 - 101001010000?
10111010001
In base 12, what is -5 + 30049a4?
300499b
In base 7, what is 342 + -10602244?
-10601602
In base 4, what is -12 - -1221303020?
1221303002
In base 13, what is -17a583 - 1?
-17a584
In base 7, what is -4 + -4250305343?
-4250305350
In base 15, what is 3dd - 88b?
-49d
In base 13, what is -23303 + 15a?
-23176
In base 12, what is -76 - -24a8a4?
24a82a
In base 3, what is -221212020 + -202112012?
-1201101102
In base 2, what is 1111010000000101010010 - 10?
1111010000000101010000
In base 5, what is -11302 + 11303143?
11241341
In base 7, what is 125405 + 431?
126136
In base 10, what is 1802614 + -1?
1802613
In base 3, what is -10201012 + 120120020?
102212001
In base 2, what is -1101 + -101000111000001010111?
-101000111000001100100
In base 8, what is 17540 + 1064?
20624
In base 16, what is 8c20f88 + -5?
8c20f83
In base 9, what is 0 + -31812640?
-31812640
In base 14, what is 175 - 8619?
-8484
In base 9, what is 5 - 8683514?
-8683508
In base 16, what is 8d - -3dc405?
3dc492
In base 6, what is -4240 + -1405?
-10045
In base 6, what is -1031202001 + 20?
-1031201541
In base 3, what is 11 + -21212211112022121?
-21212211112022110
In base 16, what is -1e - 7f0b?
-7f29
In base 12, what is -2 - -23185192?
23185190
In base 3, what is -211 - 2120122200001?
-2120122200212
In base 5, what is -111 - 113112404?
-113113020
In base 4, what is -113132 - 1232022?
-2011220
In base 4, what is 3001 + -1012101300?
-1012032233
In base 13, what is 334a31 - 25?
334a09
In base 3, what is 10221100120210 + 2?
10221100120212
In base 10, what is -211419 - 471?
-211890
In base 13, what is -6910076 + -1?
-6910077
In base 12, what is 5aa3b7 + 5?
5aa400
In base 14, what is -5 + -39195c?
-391963
In base 6, what is -3 + -4545024403?
-4545024410
In base 14, what is 3bbd7b + -5?
3bbd76
In base 7, what is 60 + 2431405?
2431465
In base 9, what is -5 + -2056838?
-2056844
In base 2, what is 100000100111001111011000101 - -101?
100000100111001111011001010
In base 5, what is -241302043 + 40?
-241302003
In base 13, what is -49409 + -713?
-49b1c
In base 13, what is 65 - 2bcb5?
-2bc50
In base 16, what is 279 + d90df?
d9358
In base 14, what is 70402 + -b9?
70327
In base 16, what is -432e30 - -f?
-432e21
In base 3, what is 11021011221 - -1012?
11021020010
In base 14, what is -495 - d70ad?
-d7564
In base 7, what is -210465611 + -1?
-210465612
In base 16, what is -dd875 - 50?
-dd8c5
In base 4, what is -2 - 12300122130?
-12300122132
In base 10, what is -1432 - -1149?
-283
In base 12, what is -9b5b0b - 5?
-9b5b14
In base 13, what is 8c - 161ca?
-1613b
In base 7, what is 6511306 + 1